{"id":125612,"date":"2026-01-19T09:37:41","date_gmt":"2026-01-19T08:37:41","guid":{"rendered":"https:\/\/www.estoytrabajandoenello.es\/jamboree\/evento\/andres-beeuwsaert-pau-figueres\/"},"modified":"2026-01-19T09:38:44","modified_gmt":"2026-01-19T08:38:44","slug":"andres-beeuwsaert-pau-figueres","status":"publish","type":"tribe_events","link":"https:\/\/jamboreejazz.com\/es\/evento\/andres-beeuwsaert-pau-figueres\/","title":{"rendered":"Andr\u00e9s Beeuwsaert &#038; Pau Figueres"},"content":{"rendered":"<h2 data-start=\"993\" data-end=\"1056\">Andr\u00e9s Beeuwsaert &amp; Pau Figueres \u2013 Di\u00e1logo Sonoro a D\u00fao<\/h2>\n<p data-start=\"1058\" data-end=\"1443\">Dos grandes artistas de extremos opuestos del mundo se unen para ofrecer un viaje musical \u00edntimo y profundamente emotivo. Andr\u00e9s Beeuwsaert, reconocido pianista de Buenos Aires y fundador del c\u00e9lebre tr\u00edo\u00a0<strong data-start=\"1263\" data-end=\"1275\">Aca Seca<\/strong>, y Pau Figueres, uno de los guitarristas m\u00e1s exquisitos de Barcelona, presentan un d\u00fao donde la m\u00fasica\u00a0<strong data-start=\"1379\" data-end=\"1404\">fluye con naturalidad<\/strong>\u00a0entre infinitas sonoridades y estilos.<\/p>\n<p data-start=\"1445\" data-end=\"1661\">Entre piano, guitarra y sutiles capas de sintetizadores, ambos m\u00fasicos construyen un di\u00e1logo vivo y en continua evoluci\u00f3n. Su complicidad genera una experiencia delicada, envolvente y llena de sensibilidad art\u00edstica.<\/p>\n<p data-start=\"1663\" data-end=\"1747\">Una noche para dejarse llevar por un universo sonoro \u00fanico y profundamente personal.<\/p>\n<p data-start=\"0\" data-end=\"112\"><strong data-start=\"127\" data-end=\"148\">Andr\u00e9s Beeuwsaert<\/strong>\u00a0piano, sintetizador y voz \u00b7\u00a0<strong data-start=\"177\" data-end=\"193\">Pau Figueres<\/strong>\u00a0guitarra flamenca y sintetizador<\/p>\n<h3 data-start=\"142\" data-end=\"203\"><\/h3>\n","protected":false},"excerpt":{"rendered":"<p>Andr\u00e9s Beeuwsaert &amp; Pau Figueres \u2013 Di\u00e1logo Sonoro a D\u00fao Dos grandes artistas de extremos opuestos del mundo se unen para ofrecer un viaje musical \u00edntimo y profundamente emotivo. Andr\u00e9s [&hellip;]<\/p>\n","protected":false},"author":1,"featured_media":125613,"template":"","meta":{"_acf_changed":false,"inline_featured_image":false,"_price":"","_stock":"","_tribe_ticket_header":"","_tribe_default_ticket_provider":"","_ticket_start_date":"","_ticket_end_date":"","_tribe_ticket_show_description":"","_tribe_ticket_show_not_going":false,"_tribe_ticket_use_global_stock":"","_tribe_ticket_global_stock_level":"","_global_stock_mode":"","_global_stock_cap":"","_tribe_rsvp_for_event":"","_tribe_ticket_going_count":"","_tribe_ticket_not_going_count":"","_tribe_tickets_list":"[]","_tribe_ticket_has_attendee_info_fields":false,"_tribe_events_status":"","_tribe_events_status_reason":"","footnotes":"","_tec_slr_enabled":"","_tec_slr_layout":""},"tags":[176,178,12],"estado_evento":[],"tribe_events_cat":[23],"class_list":["post-125612","tribe_events","type-tribe_events","status-publish","has-post-thumbnail","hentry","tag-clasica","tag-flamenc","tag-jazz","tribe_events_cat-concert","cat_concert"],"acf":[],"ticketed":false,"_links":{"self":[{"href":"https:\/\/jamboreejazz.com\/es\/wp-json\/wp\/v2\/tribe_events\/125612","targetHints":{"allow":["GET"]}}],"collection":[{"href":"https:\/\/jamboreejazz.com\/es\/wp-json\/wp\/v2\/tribe_events"}],"about":[{"href":"https:\/\/jamboreejazz.com\/es\/wp-json\/wp\/v2\/types\/tribe_events"}],"author":[{"embeddable":true,"href":"https:\/\/jamboreejazz.com\/es\/wp-json\/wp\/v2\/users\/1"}],"version-history":[{"count":1,"href":"https:\/\/jamboreejazz.com\/es\/wp-json\/wp\/v2\/tribe_events\/125612\/revisions"}],"predecessor-version":[{"id":125614,"href":"https:\/\/jamboreejazz.com\/es\/wp-json\/wp\/v2\/tribe_events\/125612\/revisions\/125614"}],"wp:featuredmedia":[{"embeddable":true,"href":"https:\/\/jamboreejazz.com\/es\/wp-json\/wp\/v2\/media\/125613"}],"wp:attachment":[{"href":"https:\/\/jamboreejazz.com\/es\/wp-json\/wp\/v2\/media?parent=125612"}],"wp:term":[{"taxonomy":"post_tag","embeddable":true,"href":"https:\/\/jamboreejazz.com\/es\/wp-json\/wp\/v2\/tags?post=125612"},{"taxonomy":"estado_evento","embeddable":true,"href":"https:\/\/jamboreejazz.com\/es\/wp-json\/wp\/v2\/estado_evento?post=125612"},{"taxonomy":"tribe_events_cat","embeddable":true,"href":"https:\/\/jamboreejazz.com\/es\/wp-json\/wp\/v2\/tribe_events_cat?post=125612"}],"curies":[{"name":"wp","href":"https:\/\/api.w.org\/{rel}","templated":true}]}}

Andrés Beeuwsaert &#038; Pau Figueres

<h2 data-start="993" data-end="1056">Andrés Beeuwsaert &amp; Pau Figueres – Diálogo Sonoro a Dúo</h2>
<p data-start="1058" data-end="1443">Dos grandes artistas de extremos opuestos del mundo se unen para ofrecer un viaje musical íntimo y profundamente emotivo. Andrés Beeuwsaert, reconocido pianista de Buenos Aires y fundador del célebre trío <strong data-start="1263" data-end="1275">Aca Seca</strong>, y Pau Figueres, uno de los guitarristas más exquisitos de Barcelona, presentan un dúo donde la música <strong data-start="1379" data-end="1404">fluye con naturalidad</strong> entre infinitas sonoridades y estilos.</p>
<p data-start="1445" data-end="1661">Entre piano, guitarra y sutiles capas de sintetizadores, ambos músicos construyen un diálogo vivo y en continua evolución. Su complicidad genera una experiencia delicada, envolvente y llena de sensibilidad artística.</p>
<p data-start="1663" data-end="1747">Una noche para dejarse llevar por un universo sonoro único y profundamente personal.</p>
<p data-start="0" data-end="112"><strong data-start="127" data-end="148">Andrés Beeuwsaert</strong> piano, sintetizador y voz · <strong data-start="177" data-end="193">Pau Figueres</strong> guitarra flamenca y sintetizador</p>
<h3 data-start="142" data-end="203"></h3>

<p>Andrés Beeuwsaert &amp; Pau Figueres – Diálogo Sonoro a Dúo Dos grandes artistas de extremos opuestos del mundo se unen para ofrecer un viaje musical íntimo y profundamente emotivo. Andrés [&hellip;]</p>
