{"id":129023,"date":"2026-02-26T12:00:33","date_gmt":"2026-02-26T11:00:33","guid":{"rendered":"https:\/\/jamboreejazz.com\/?post_type=tribe_events&#038;p=129023"},"modified":"2026-02-24T10:12:26","modified_gmt":"2026-02-24T09:12:26","slug":"perico-sambeat-grupo-gmf-barcelona-jazz-workshop-festival","status":"publish","type":"tribe_events","link":"https:\/\/jamboreejazz.com\/es\/evento\/perico-sambeat-grupo-gmf-barcelona-jazz-workshop-festival\/","title":{"rendered":"Perico Sambeat Grupo &#8211; GMF BARCELONA JAZZ WORKSHOP &#038; FESTIVAL"},"content":{"rendered":"<h3><strong>MASiMAS Festival 2026 \u00b7 Global Music Foundation<\/strong><\/h3>\n<p><strong>Perico Sambeat<\/strong> saxo alto \u00b7 <strong>Pol Olmedes<\/strong> trompeta \u00b7 <strong>Matyas Gayer<\/strong> piano \u00b7<strong> Masatoshi Kamaguchi<\/strong> bajo \u00b7 <strong>Stephen Keogh<\/strong> bater\u00eda<\/p>\n<p><b>Perico Sambeat Quintet \u2014 jazz, tradici\u00f3n y modernidad<\/b><\/p>\n<p><span style=\"font-weight: 400;\"><strong>Perico Sambeat<\/strong>, uno de los saxofonistas altos m\u00e1s destacados de Europa y figura clave del jazz espa\u00f1ol, lidera este quinteto con una propuesta que combina composiciones originales, est\u00e1ndares del <\/span><i><span style=\"font-weight: 400;\">Great American Songbook<\/span><\/i><span style=\"font-weight: 400;\"> y piezas con influencias latinas. Su trabajo como int\u00e9rprete, compositor y arreglista le ha valido numerosos premios, incluyendo el prestigioso <\/span><i><span style=\"font-weight: 400;\">Bird Award<\/span><\/i><span style=\"font-weight: 400;\"> del North Sea Jazz Festival en 2003, as\u00ed como el reconocimiento a la mejor grabaci\u00f3n del a\u00f1o por <\/span><i><span style=\"font-weight: 400;\">Flamenco Big Band<\/span><\/i><span style=\"font-weight: 400;\"> en 2008 y 2009.<\/span><\/p>\n<p><span style=\"font-weight: 400;\">A lo largo de su carrera, <strong>Sambeat<\/strong> ha compartido escenario y grabaciones con m\u00fasicos de la m\u00e1s alta talla, como <strong>Brad Mehldau<\/strong>, <strong>Kurt Rosenwinkel<\/strong>,<strong> Tete Montoliu<\/strong>, <strong>Michael Brecker<\/strong> o <strong>Pat Metheny<\/strong>, liderando m\u00e1s de cien discos y consolid\u00e1ndose como uno de los artistas m\u00e1s relevantes que ha dado Espa\u00f1a en el \u00e1mbito del jazz.<\/span><\/p>\n<p><span style=\"font-weight: 400;\">El quinteto que le acompa\u00f1a est\u00e1 formado por <strong>Matyas Gayer<\/strong> al piano, <strong>Masatoshi Kamaguchi<\/strong> al contrabajo, <strong>Stephen Keogh<\/strong> a la bater\u00eda y <strong>Pol Olmedes<\/strong> a la trompeta. La banda permite un di\u00e1logo musical din\u00e1mico y rico en matices, capaz de recorrer desde el jazz cl\u00e1sico y moderno hasta el jazz latino, con improvisaciones vibrantes y una interacci\u00f3n constante entre los m\u00fasicos. Sambeat ha se\u00f1alado en declaraciones a <\/span><i><span style=\"font-weight: 400;\">In &amp; Out Jazz<\/span><\/i><span style=\"font-weight: 400;\"> que prefiere que la m\u00fasica \u201chable por s\u00ed misma\u201d, dejando que los matices sigan de manera natural el desarrollo de cada pieza, sin recurrir a gestos radicalmente expresionistas, buscando siempre la naturalidad.<\/span><\/p>\n<p><span style=\"font-weight: 400;\">El repertorio del concierto incluye nuevas composiciones del propio <strong>Sambeat<\/strong>, algunos est\u00e1ndares reinterpretados y piezas con influencias latinas, ofreciendo un espect\u00e1culo donde la t\u00e9cnica, la sensibilidad y la experiencia de todos los m\u00fasicos confluyen para crear momentos \u00fanicos de improvisaci\u00f3n y expresi\u00f3n.<\/span><\/p>\n<p><b>\u00bfPor qu\u00e9 no deber\u00edas perd\u00e9rtelo?<\/b><b><br \/>\n<\/b><span style=\"font-weight: 400;\">Porque este quinteto combina virtuosismo, tradici\u00f3n y frescura, liderado por uno de los grandes saxofonistas europeos, y propone un viaje musical que cruza estilos y emociones, con un sonido envolvente, profundo y lleno de vida.<\/span><\/p>\n<p><span data-contrast=\"auto\">La\u00a0<\/span><b><span data-contrast=\"auto\">Global Music Foundation<\/span><\/b><span data-contrast=\"auto\">\u00a0presenta el\u00a0<\/span><b><span data-contrast=\"auto\">GMF Barcelona Jazz Workshop 2026<\/span><\/b><span data-contrast=\"auto\">, una celebraci\u00f3n musical que combina jazz, blues y m\u00fasica latina en conciertos, talleres y sesiones nocturnas con artistas de talla mundial.<\/span><span data-ccp-props=\"{&quot;134233117&quot;:false,&quot;134233118&quot;:false,&quot;335551550&quot;:0,&quot;335551620&quot;:0,&quot;335559738&quot;:240,&quot;335559739&quot;:240}\">\u00a0<\/span><\/p>\n<p><span data-contrast=\"auto\">Para m\u00e1s informaci\u00f3n:\u00a0<\/span><a href=\"https:\/\/jamboreejazz.com\/es\/gmf-barcelona-26\/\"><span data-contrast=\"none\">https:\/\/jamboreejazz.com\/es\/gmf-barcelona-26\/<\/span><\/a><span data-ccp-props=\"{}\">\u00a0<\/span><\/p>\n","protected":false},"excerpt":{"rendered":"<p>MASiMAS Festival 2026 \u00b7 Global Music Foundation Perico Sambeat saxo alto \u00b7 Pol Olmedes trompeta \u00b7 Matyas Gayer piano \u00b7 Masatoshi Kamaguchi bajo \u00b7 Stephen Keogh bater\u00eda Perico Sambeat Quintet [&hellip;]<\/p>\n","protected":false},"author":4,"featured_media":129024,"template":"","meta":{"_acf_changed":false,"inline_featured_image":false,"_price":"","_stock":"","_tribe_ticket_header":"","_tribe_default_ticket_provider":"","_ticket_start_date":"","_ticket_end_date":"","_tribe_ticket_show_description":"","_tribe_ticket_show_not_going":false,"_tribe_ticket_use_global_stock":"","_tribe_ticket_global_stock_level":"","_global_stock_mode":"","_global_stock_cap":"","_tribe_rsvp_for_event":"","_tribe_ticket_going_count":"","_tribe_ticket_not_going_count":"","_tribe_tickets_list":"[]","_tribe_ticket_has_attendee_info_fields":false,"_tribe_events_status":"","_tribe_events_status_reason":"","footnotes":"","_tec_slr_enabled":"","_tec_slr_layout":""},"tags":[237,183,110],"estado_evento":[],"tribe_events_cat":[23],"class_list":["post-129023","tribe_events","type-tribe_events","status-publish","has-post-thumbnail","hentry","tag-jazz-clasico","tag-jazz-moderno","tag-latin-jazz","tribe_events_cat-concert","cat_concert"],"acf":[],"ticketed":false,"_links":{"self":[{"href":"https:\/\/jamboreejazz.com\/es\/wp-json\/wp\/v2\/tribe_events\/129023","targetHints":{"allow":["GET"]}}],"collection":[{"href":"https:\/\/jamboreejazz.com\/es\/wp-json\/wp\/v2\/tribe_events"}],"about":[{"href":"https:\/\/jamboreejazz.com\/es\/wp-json\/wp\/v2\/types\/tribe_events"}],"author":[{"embeddable":true,"href":"https:\/\/jamboreejazz.com\/es\/wp-json\/wp\/v2\/users\/4"}],"version-history":[{"count":5,"href":"https:\/\/jamboreejazz.com\/es\/wp-json\/wp\/v2\/tribe_events\/129023\/revisions"}],"predecessor-version":[{"id":129941,"href":"https:\/\/jamboreejazz.com\/es\/wp-json\/wp\/v2\/tribe_events\/129023\/revisions\/129941"}],"wp:featuredmedia":[{"embeddable":true,"href":"https:\/\/jamboreejazz.com\/es\/wp-json\/wp\/v2\/media\/129024"}],"wp:attachment":[{"href":"https:\/\/jamboreejazz.com\/es\/wp-json\/wp\/v2\/media?parent=129023"}],"wp:term":[{"taxonomy":"post_tag","embeddable":true,"href":"https:\/\/jamboreejazz.com\/es\/wp-json\/wp\/v2\/tags?post=129023"},{"taxonomy":"estado_evento","embeddable":true,"href":"https:\/\/jamboreejazz.com\/es\/wp-json\/wp\/v2\/estado_evento?post=129023"},{"taxonomy":"tribe_events_cat","embeddable":true,"href":"https:\/\/jamboreejazz.com\/es\/wp-json\/wp\/v2\/tribe_events_cat?post=129023"}],"curies":[{"name":"wp","href":"https:\/\/api.w.org\/{rel}","templated":true}]}}

<h3><strong>MASiMAS Festival 2026 · Global Music Foundation</strong></h3>
<p><strong>Perico Sambeat</strong> saxo alto · <strong>Pol Olmedes</strong> trompeta · <strong>Matyas Gayer</strong> piano ·<strong> Masatoshi Kamaguchi</strong> bajo · <strong>Stephen Keogh</strong> batería</p>
<p><b>Perico Sambeat Quintet — jazz, tradición y modernidad</b></p>
<p><span style="font-weight: 400;"><strong>Perico Sambeat</strong>, uno de los saxofonistas altos más destacados de Europa y figura clave del jazz español, lidera este quinteto con una propuesta que combina composiciones originales, estándares del </span><i><span style="font-weight: 400;">Great American Songbook</span></i><span style="font-weight: 400;"> y piezas con influencias latinas. Su trabajo como intérprete, compositor y arreglista le ha valido numerosos premios, incluyendo el prestigioso </span><i><span style="font-weight: 400;">Bird Award</span></i><span style="font-weight: 400;"> del North Sea Jazz Festival en 2003, así como el reconocimiento a la mejor grabación del año por </span><i><span style="font-weight: 400;">Flamenco Big Band</span></i><span style="font-weight: 400;"> en 2008 y 2009.</span></p>
<p><span style="font-weight: 400;">A lo largo de su carrera, <strong>Sambeat</strong> ha compartido escenario y grabaciones con músicos de la más alta talla, como <strong>Brad Mehldau</strong>, <strong>Kurt Rosenwinkel</strong>,<strong> Tete Montoliu</strong>, <strong>Michael Brecker</strong> o <strong>Pat Metheny</strong>, liderando más de cien discos y consolidándose como uno de los artistas más relevantes que ha dado España en el ámbito del jazz.</span></p>
<p><span style="font-weight: 400;">El quinteto que le acompaña está formado por <strong>Matyas Gayer</strong> al piano, <strong>Masatoshi Kamaguchi</strong> al contrabajo, <strong>Stephen Keogh</strong> a la batería y <strong>Pol Olmedes</strong> a la trompeta. La banda permite un diálogo musical dinámico y rico en matices, capaz de recorrer desde el jazz clásico y moderno hasta el jazz latino, con improvisaciones vibrantes y una interacción constante entre los músicos. Sambeat ha señalado en declaraciones a </span><i><span style="font-weight: 400;">In &amp; Out Jazz</span></i><span style="font-weight: 400;"> que prefiere que la música “hable por sí misma”, dejando que los matices sigan de manera natural el desarrollo de cada pieza, sin recurrir a gestos radicalmente expresionistas, buscando siempre la naturalidad.</span></p>
<p><span style="font-weight: 400;">El repertorio del concierto incluye nuevas composiciones del propio <strong>Sambeat</strong>, algunos estándares reinterpretados y piezas con influencias latinas, ofreciendo un espectáculo donde la técnica, la sensibilidad y la experiencia de todos los músicos confluyen para crear momentos únicos de improvisación y expresión.</span></p>
<p><b>¿Por qué no deberías perdértelo?</b><b><br />
</b><span style="font-weight: 400;">Porque este quinteto combina virtuosismo, tradición y frescura, liderado por uno de los grandes saxofonistas europeos, y propone un viaje musical que cruza estilos y emociones, con un sonido envolvente, profundo y lleno de vida.</span></p>
<p><span data-contrast="auto">La </span><b><span data-contrast="auto">Global Music Foundation</span></b><span data-contrast="auto"> presenta el </span><b><span data-contrast="auto">GMF Barcelona Jazz Workshop 2026</span></b><span data-contrast="auto">, una celebración musical que combina jazz, blues y música latina en conciertos, talleres y sesiones nocturnas con artistas de talla mundial.</span><span data-ccp-props="{&quot;134233117&quot;:false,&quot;134233118&quot;:false,&quot;335551550&quot;:0,&quot;335551620&quot;:0,&quot;335559738&quot;:240,&quot;335559739&quot;:240}"> </span></p>
<p><span data-contrast="auto">Para más información: </span><a href="https://jamboreejazz.com/es/gmf-barcelona-26/"><span data-contrast="none">https://jamboreejazz.com/es/gmf-barcelona-26/</span></a><span data-ccp-props="{}"> </span></p>

<p>MASiMAS Festival 2026 · Global Music Foundation Perico Sambeat saxo alto · Pol Olmedes trompeta · Matyas Gayer piano · Masatoshi Kamaguchi bajo · Stephen Keogh batería Perico Sambeat Quintet [&hellip;]</p>
